et r = 16 + l. What are the prime factors of r?
5, 23
Suppose 17*l + 111273 = 183141 + 157904. List the prime factors of l.
2, 31, 109
List the prime factors of (-17 - -21879) + ((-10)/4)/((-19)/38).
3, 37, 197
Let f = -11956 - -18724. List the prime factors of f.
2, 3, 47
Let n(j) = -5*j**3 + 13*j**2 - 37*j - 191. What are the prime factors of n(-22)?
5, 53, 227
Let j(q) be the third derivative of 0 + 0*q - 7*q**2 - 5/8*q**4 + 1/6*q**3. List the prime factors of j(-3).
2, 23
Let g(l) = 3*l**2 - 3*l - 12. Let s be g(3). Suppose -s*a = 3*a - 18. Suppose -4*d = 5*v - 17, -a*d + 3*d - 6 = -3*v. What are the prime factors of d?
3
Let h(p) be the second derivative of 7*p**3/6 - 11*p**2 - p. Let v be 2/(-6)*(-1716)/44. What are the prime factors of h(v)?
3, 23
Let z(t) = -208*t - 59. Suppose -10 + 40 = -6*o. What are the prime factors of z(o)?
3, 109
Suppose -4*b + 2*r - 3*r + 45 = 0, -75 = -5*b + 5*r. Suppose i = s + 57, 4*s = s - b. What are the prime factors of i?
53
Suppose 147*m = -45*m + 9956352. List the prime factors of m.
2, 7, 463
Let v be 1/2*(1 + -1). Suppose 3*c - 395 = -t, v*c = -5*c. What are the prime factors of t?
5, 79
Let b be 1/(5/90)*19. Suppose 4*c - c = b. What are the prime factors of c?
2, 3, 19
What are the prime factors of ((-6)/9 + (-65247)/(-9))*1?
11, 659
Let b(c) = 22*c + 18. Let n be b(3). Let a = n - 5. List the prime factors of a.
79
Suppose -3*w - 5*q = 19, -4*w - 2*q - 12 = -5*w. Suppose 2*x - 208 = -4*m + 176, -2*m + w*x + 198 = 0. What are the prime factors of m?
97
List the prime factors of (255/20)/(64/60672).
3, 17, 79
Let z be -4 + -1636 - (13 + -21). Let a = 2682 + z. List the prime factors of a.
2, 3, 5, 7
Let d(p) = -2*p**3 - 26*p**2 - 14*p + 63. Let v be d(-13). What are the prime factors of ((1 - 3) + 6)/(5/v)?
2, 7
Let b(y) = -207*y + 168. Let a be b(6). Let i = a - -1923. List the prime factors of i.
3, 283
Let t(f) = f**2 + f + 1. Let m(k) = k**3 + k**2 + 5*k + 15. Let h(i) = m(i) - 5*t(i). What are the prime factors of h(8)?
2, 7, 19
Let h be (-15*3/12)/((-6)/(-24)). Let v(t) = 15*t**2 - 1. Let m be v(2). Let k = h + m. What are the prime factors of k?
2, 11
Let b = 1921 + 31825. List the prime factors of b.
2, 47, 359
Suppose 28*m - 30*m + 510 = 0. Suppose -2*i + 562 = 3*y, 0 = i + 4*y + y - 274. Suppose -2*q + i = -4*o, -o - 176 = -3*q + m. What are the prime factors of q?
2, 3
Suppose -5*a + 106 = 96. Suppose 328 = a*s + 34. Let v = s + -129. What are the prime factors of v?
2, 3
Let z(v) = 1074*v**2 - 457*v + 55. What are the prime factors of z(-6)?
7, 5923
Let j(v) = -17*v + 24. Let s(l) = l**2 + 11*l + 22. Let r = -30 + 26. Let d be s(r). List the prime factors of j(d).
2, 3, 7
Let v(d) = 4*d**3 + 2*d**2 + 4*d + 65. List the prime factors of v(9).
11, 17
Let v(i) = -296*i**3 - 7*i**2 - 44*i - 8. Let k be v(-4). Suppose -81*x + k = -61*x. What are the prime factors of x?
2, 5, 19
Let b be -903 + 3*(-5 + 20/5). Let w = b - -1419. List the prime factors of w.
3, 19
Let t(f) = 28*f**2 + 20*f + 128. Suppose -14*y - 2*o - 6 = -12*y, -2*o = -3*y - 24. List the prime factors of t(y).
2, 127
Let h(q) = -4*q - 43. Let f be h(-14). Suppose -2*t - f = -59. List the prime factors of t.
23
Let v = 3651 - -5039. List the prime factors of v.
2, 5, 11, 79
What are the prime factors of 1 + -6 + (-2000)/((-6)/(-12) - 1)?
5, 17, 47
Let s = -6737 + 12276. List the prime factors of s.
29, 191
Suppose q + 109496 = 2*a, -a - 2*q + 21159 = -33584. List the prime factors of a.
3, 7, 11, 79
Let x be 7*(-2)/(-4) - (-30)/20. Suppose -x*u + 7*u = 10. Let o(t) = 4*t**2 + 10*t - 42. List the prime factors of o(u).
2, 3
Let u(f) be the second derivative of 1/3*f**3 + 46*f + 0 + 5*f**2. List the prime factors of u(-4).
2
Let w(g) = 11*g**2 + 5*g + 7. Let l(r) = 7*r - 1. Let x be l(1). Let t(p) = p**2 - 9*p + 15. Let z be t(x). What are the prime factors of w(z)?
7, 13
Let g = 627 - -7630. List the prime factors of g.
23, 359
List the prime factors of (40 - (-1503)/(-27))/((-1)/141).
47
Suppose -5*a = -0*a + n - 27, -10 = -5*n. Suppose -5*w - 3*i = 2*i - 15, a*w - 3 = i. Let x = w + 69. List the prime factors of x.
2, 5, 7
Let r = -5627 - -14232. What are the prime factors of r?
5, 1721
Let h = 28750 + -14207. What are the prime factors of h?
14543
List the prime factors of (65079/(-28))/(-3) + (-13)/(-4) + -2.
2, 97
Suppose -5110 = -l + 5*u, -l - 3*u + 0*u = -5142. Suppose 0 = -101*y + 106*y - l. List the prime factors of y.
2, 3, 19
What are the prime factors of -6 + (-310)/(-50) + (-133238)/(-10)?
2, 3331
Let w(b) = -b**3 - 32*b**2 + 81*b - 7. Let m be w(-40). Suppose -19*l = -4545 - m. List the prime factors of l.
2, 7, 53
Let g(j) = -j + 52. Let o be g(0). Let u be 196 - (6/2 + -1). Suppose -2*r + u = -o. What are the prime factors of r?
3, 41
Let l(p) = 4*p - p**3 + 5*p + 2 + 67*p**2 + 0*p - 70*p**2. What are the prime factors of l(-7)?
3, 5
Suppose -2*c = 2*c + 32. Let y be (c/20)/((-2)/10). Suppose 5*z + f - 98 = 0, -y*f - 85 = -4*z - 5*f. What are the prime factors of z?
19
List the prime factors of -1 + (11430 - -1) + -9.
3, 47
Let n = -35 + 19. Let q(c) = -c**2 - 15*c + 21. Let k be q(n). Suppose -j - 2*x = -30, j + k*x = 59 - 14. List the prime factors of j.
2, 5
Suppose y = -5*z + 20, z - 24 + 19 = 0. What are the prime factors of 475 + 1*(2 + 10/y)?
5, 19
Suppose -16*j = -17*j + 2*y + 4245, 0 = j + 5*y - 4252. List the prime factors of j.
31, 137
Suppose -2*w + 20717 = -5*i, -w + 3*i + 2*i = -10366. List the prime factors of w.
11, 941
Suppose 231*p = 229*p + 4. What are the prime factors of ((-68)/(-5) - 4) + p/5?
2, 5
Let j = -15159 + 23483. What are the prime factors of j?
2, 2081
Let i = -70 - -78. What are the prime factors of (756/(-8))/((-4)/i)?
3, 7
Let h(p) = -11*p**3 + 13*p**2 + 143*p + 1051. List the prime factors of h(-7).
2, 5, 223
List the prime factors of (-63)/(-14)*8330 - (-13)/(78/(-48)).
11, 3407
Let t be -16 + 20 + 2/(-2) + 1. Let c be 111/6 + t/8. Suppose 0 = -16*z + c*z - 261. What are the prime factors of z?
3, 29
What are the prime factors of (-216)/(-2700) + 5580092/100?
41, 1361
Let c = -164 - -170. Suppose 0 = 5*h - f - 1152, 3*f - c*f + 9 = 0. What are the prime factors of h?
3, 7, 11
Let v = -23856 + 42237. List the prime factors of v.
3, 11, 557
Let x(o) = 109*o**2 - 27*o - 6. Let h be x(-9). Let c be h/46 - (-14)/(-161). Suppose 2*a - 5*k - 88 = 36, 2*k + c = 3*a. What are the prime factors of a?
67
Let i(l) = l**2 - 17*l - 117. Let q be i(16). Suppose 699 = 6*b - 3*b. Let x = b + q. List the prime factors of x.
2, 5
Let a = 16581 + 1314. List the prime factors of a.
3, 5, 1193
Let n(l) = -135*l + 4. Let o be 59/3 - (-18)/54. Suppose -u + 7 = b + b, 0 = -5*b + o. What are the prime factors of n(u)?
139
Let q(y) = 3*y**2 + 16*y - 97. List the prime factors of q(62).
17, 43
Let z(h) = -125*h**3 - 3*h**2 + 3*h + 9. List the prime factors of z(-3).
2, 3, 31
Let h = -2568 - -5411. Let y = h - 1450. List the prime factors of y.
7, 199
Suppose -4*a - 5*r = -6, 0 = -3*a - 0*r - r + 10. Suppose -a*j - 170 + 942 = -2*w, -980 = -5*j - 5*w. List the prime factors of j.
2, 97
Suppose 0 = -197*o + 7492563 + 2081225 - 1259206. What are the prime factors of o?
2, 47, 449
Suppose 8*w - 3377 = 6751. Suppose -o + 304 = -5*h, 4*o - 2*h - w = -7*h. What are the prime factors of o?
2, 157
Let r = 84 + -79. Suppose -q + r = -0. Suppose -4*t = 5*f - 0*t - 407, 4*f - q*t = 342. What are the prime factors of f?
83
Let j(t) = 7*t**2 + 5*t + 15. Let i be j(5). Let n = -378 + i. Let b = n - -274. What are the prime factors of b?
3, 37
Let j = 78316 + -37372. List the prime factors of j.
2, 3, 853
Let n(m) = 3*m + 46. Let l be 112/(-24)*1*(3 + 0). Let h be n(l). Suppose 4*i + i + t = 674, 3*i - h*t = 409. What are the prime factors of i?
3, 5
Let y = 7815 + -509. What are the prime factors of y?
2, 13, 281
Let m = 237 + 1. Suppose m*s - 239*s = -419. What are the prime factors of s?
419
Let m be (1 - (1 + -1))/(2/18). Suppose -m = 3*s, b - 2*b = 3*s + 10. List the prime factors of 9*(-3 + 12) + 4 + b.
2, 3, 7
Suppose q = 5*d + 265, -17*q = -3*d - 20*q - 141. Let x be 1/(-2) + (-343)/(-2). Let j = x + d. List the prime factors of j.
7, 17
Let j be 90/(-108) + (-340)/24. List the prime factors of 747 - (j - -7